{"id":2,"date":"2013-05-22T14:18:10","date_gmt":"2013-05-22T12:18:10","guid":{"rendered":"http:\/\/www.emporium.bz.it\/it\/?page_id=2"},"modified":"2025-09-12T07:58:23","modified_gmt":"2025-09-12T05:58:23","slug":"chi-siamo","status":"publish","type":"page","link":"https:\/\/www.emporium.bz.it\/it\/chi-siamo\/","title":{"rendered":"Chi siamo"},"content":{"rendered":"<p style=\"text-align: justify\">Gi\u00e0 da qualche tempo era nata l\u2019idea di riunire il potenziale di acquisto del settore sociale per aumentare la loro capacit\u00e0 di contrattazione nei confronti dei fornitori al fine di ottenere condizioni di prezzo migliori. Come abbiamo notato nel settore della gastronomia locale, l\u2019unione del potenziale di acquisto nasconde immense possibilit\u00e0. Sulla base di queste riflessioni nell\u2019autunno 2008 alcune organizzazioni del terzo settore si sono riunite per dare vita alla cooperativa di acquisto EMPORIUM. Tra le organizzazioni fondatrici c\u2019erano anche alcune grandi associazioni di rappresentanza come ad esempio l\u2019associazione delle case di riposo dell\u2019Alto Adige, la federazione provinciale delle associazioni sociali e la Lega delle cooperative (Legacoopbund).<\/p>\n<p style=\"text-align: justify\">Tra i soci fondatori vi sono anche la CARITAS provinciale, il Centro Ciechi San Raffaele e l\u2019organizzazione La Strada \u2013 der Weg.<\/p>\n<p style=\"text-align: justify\"><strong>In un periodo come quello attuale, in cui i costi aumentano, ma coloro che sostengono i costi richiamano al risparmio e alla rinuncia, la neo costituita cooperativa di acquisto dovrebbe ottenere i migliori prezzi possibili in forza dell\u2019unione dei potenziali di spesa.<\/strong><\/p>\n<p style=\"text-align: justify\">Vogliamo mettere in chiaro che ciascun socio ha la possibilit\u00e0, se lo desidera, di acquistare solo determinati prodotti da EMPORIUM; naturalmente speriamo di convincerli con il nostro ottimo rapporto qualit\u00e0 prezzo. Naturalmente \u00e8 da tenere presente che molti offerenti e fornitori di EMPORIUM sono locali, perci\u00f2 per molti soci non sar\u00e0 neppure necessario un cambio del fornitore (cambier\u00e0 invece il prezzo di acquisto!). In questo modo in futuro potrete effettuare le vostre ordinazioni direttamente dai nostri fornitori. Questi ultimi accrediteranno la merce e i servizi alla cooperativa di acquisto EMPORIUM secondo le speciali condizioni pattuite, la quale poi recapiter\u00e0 la fattura nei tempi stabiliti al socio come cliente finale. In questo modo saremo in grado di generare le quantit\u00e0 minime per poter acquistare la merce alle condizioni speciali pianificate!<\/p>\n<p style=\"text-align: justify\">L\u2019amministrazione della cooperativa di acquisto viene svolta, come da Statuto, attraverso un Consiglio di Amministrazione e un direttore. Questi organi sono controllati da un revisore e dall\u2019assemblea dei soci. Le cariche sono al ricoperte da:<\/p>\n<ul style=\"text-align: justify\">\n<li><strong>Direttore:<\/strong> Alexander Kaufmann<\/li>\n<li><strong>Presidente del Consiglio di amministrazione:<\/strong> Norbert Bertignoll<\/li>\n<li><strong>Vice-Presidente del Consiglio di amministrazione:<\/strong>\u00a0Martina Lantschner Pisetta<\/li>\n<li><strong>Membro del Consiglio di amministrazione:<\/strong> Roland Lazzeri<\/li>\n<li><strong>Membro del Consiglio di amministrazione:<\/strong> Monika Aondio<\/li>\n<li><strong>Membro del Consiglio di amministrazione:<\/strong> Guido Bocher<\/li>\n<li><strong>Revisore dei conti:<\/strong> SWG Bolzano<\/li>\n<\/ul>\n<p style=\"text-align: justify\">Siamo assai fiduciosi che molte strutture sociali altoatesine, case di cura, case di riposo, organizzazioni, associazioni, scuole materne ecc. aderiranno alla nostra idea e alla nostra cooperativa di acquisto, cos\u00ec da riuscire ad acquistare prodotti e servizi a prezzi pi\u00f9 convenienti!<\/p>\n<p style=\"text-align: justify\">Siamo a disposizione per <a title=\"Contatto\" href=\"https:\/\/www.emporium.bz.it\/it\/contatto\/\">ulteriori informazioni<\/a> e per comunicarvi quali sono i criteri di ammissione.<\/p>\n","protected":false},"excerpt":{"rendered":"<p>Gi\u00e0 da qualche tempo era nata l\u2019idea di riunire il potenziale di acquisto del settore sociale per aumentare la loro capacit\u00e0 di contrattazione nei confronti dei fornitori al fine di ottenere condizioni di prezzo migliori. Come abbiamo notato nel settore della gastronomia locale, l\u2019unione del potenziale di acquisto nasconde immense possibilit\u00e0. Sulla base di queste &hellip; <a href=\"https:\/\/www.emporium.bz.it\/it\/chi-siamo\/\" class=\"continue\">Continua a leggere<\/a><\/p>\n","protected":false},"author":1,"featured_media":0,"parent":0,"menu_order":2,"comment_status":"closed","ping_status":"closed","template":"","meta":[],"_links":{"self":[{"href":"https:\/\/www.emporium.bz.it\/it\/wp-json\/wp\/v2\/pages\/2"}],"collection":[{"href":"https:\/\/www.emporium.bz.it\/it\/wp-json\/wp\/v2\/pages"}],"about":[{"href":"https:\/\/www.emporium.bz.it\/it\/wp-json\/wp\/v2\/types\/page"}],"author":[{"embeddable":true,"href":"https:\/\/www.emporium.bz.it\/it\/wp-json\/wp\/v2\/users\/1"}],"replies":[{"embeddable":true,"href":"https:\/\/www.emporium.bz.it\/it\/wp-json\/wp\/v2\/comments?post=2"}],"version-history":[{"count":1,"href":"https:\/\/www.emporium.bz.it\/it\/wp-json\/wp\/v2\/pages\/2\/revisions"}],"predecessor-version":[{"id":3597,"href":"https:\/\/www.emporium.bz.it\/it\/wp-json\/wp\/v2\/pages\/2\/revisions\/3597"}],"wp:attachment":[{"href":"https:\/\/www.emporium.bz.it\/it\/wp-json\/wp\/v2\/media?parent=2"}],"curies":[{"name":"wp","href":"https:\/\/api.w.org\/{rel}","templated":true}]}}

<p style="text-align: justify">Già da qualche tempo era nata l’idea di riunire il potenziale di acquisto del settore sociale per aumentare la loro capacità di contrattazione nei confronti dei fornitori al fine di ottenere condizioni di prezzo migliori. Come abbiamo notato nel settore della gastronomia locale, l’unione del potenziale di acquisto nasconde immense possibilità. Sulla base di queste riflessioni nell’autunno 2008 alcune organizzazioni del terzo settore si sono riunite per dare vita alla cooperativa di acquisto EMPORIUM. Tra le organizzazioni fondatrici c’erano anche alcune grandi associazioni di rappresentanza come ad esempio l’associazione delle case di riposo dell’Alto Adige, la federazione provinciale delle associazioni sociali e la Lega delle cooperative (Legacoopbund).</p>
<p style="text-align: justify">Tra i soci fondatori vi sono anche la CARITAS provinciale, il Centro Ciechi San Raffaele e l’organizzazione La Strada – der Weg.</p>
<p style="text-align: justify"><strong>In un periodo come quello attuale, in cui i costi aumentano, ma coloro che sostengono i costi richiamano al risparmio e alla rinuncia, la neo costituita cooperativa di acquisto dovrebbe ottenere i migliori prezzi possibili in forza dell’unione dei potenziali di spesa.</strong></p>
<p style="text-align: justify">Vogliamo mettere in chiaro che ciascun socio ha la possibilità, se lo desidera, di acquistare solo determinati prodotti da EMPORIUM; naturalmente speriamo di convincerli con il nostro ottimo rapporto qualità prezzo. Naturalmente è da tenere presente che molti offerenti e fornitori di EMPORIUM sono locali, perciò per molti soci non sarà neppure necessario un cambio del fornitore (cambierà invece il prezzo di acquisto!). In questo modo in futuro potrete effettuare le vostre ordinazioni direttamente dai nostri fornitori. Questi ultimi accrediteranno la merce e i servizi alla cooperativa di acquisto EMPORIUM secondo le speciali condizioni pattuite, la quale poi recapiterà la fattura nei tempi stabiliti al socio come cliente finale. In questo modo saremo in grado di generare le quantità minime per poter acquistare la merce alle condizioni speciali pianificate!</p>
<p style="text-align: justify">L’amministrazione della cooperativa di acquisto viene svolta, come da Statuto, attraverso un Consiglio di Amministrazione e un direttore. Questi organi sono controllati da un revisore e dall’assemblea dei soci. Le cariche sono al ricoperte da:</p>
<ul style="text-align: justify">
<li><strong>Direttore:</strong> Alexander Kaufmann</li>
<li><strong>Presidente del Consiglio di amministrazione:</strong> Norbert Bertignoll</li>
<li><strong>Vice-Presidente del Consiglio di amministrazione:</strong> Martina Lantschner Pisetta</li>
<li><strong>Membro del Consiglio di amministrazione:</strong> Roland Lazzeri</li>
<li><strong>Membro del Consiglio di amministrazione:</strong> Monika Aondio</li>
<li><strong>Membro del Consiglio di amministrazione:</strong> Guido Bocher</li>
<li><strong>Revisore dei conti:</strong> SWG Bolzano</li>
</ul>
<p style="text-align: justify">Siamo assai fiduciosi che molte strutture sociali altoatesine, case di cura, case di riposo, organizzazioni, associazioni, scuole materne ecc. aderiranno alla nostra idea e alla nostra cooperativa di acquisto, così da riuscire ad acquistare prodotti e servizi a prezzi più convenienti!</p>
<p style="text-align: justify">Siamo a disposizione per <a title="Contatto" href="https://www.emporium.bz.it/it/contatto/">ulteriori informazioni</a> e per comunicarvi quali sono i criteri di ammissione.</p>

<p>Già da qualche tempo era nata l’idea di riunire il potenziale di acquisto del settore sociale per aumentare la loro capacità di contrattazione nei confronti dei fornitori al fine di ottenere condizioni di prezzo migliori. Come abbiamo notato nel settore della gastronomia locale, l’unione del potenziale di acquisto nasconde immense possibilità. Sulla base di queste &hellip; <a href="https://www.emporium.bz.it/it/chi-siamo/" class="continue">Continua a leggere</a></p>
